s 18552593 a composite number?
True
Is 849736135 a composite number?
True
Is 605102 a prime number?
False
Is 254739 a composite number?
True
Is 362228003 composite?
True
Is 60463321 a prime number?
True
Is 13836733 prime?
False
Is 185088691 composite?
False
Is 40250953 a prime number?
True
Is 22042373 prime?
False
Is 1590653 composite?
False
Is 25831309 a prime number?
False
Is 773899 composite?
True
Is 255269 composite?
True
Is 17051555 composite?
True
Is 19050751 prime?
True
Is 61640171 a composite number?
True
Is 27648771 prime?
False
Is 177099161 composite?
False
Is 225124357 a composite number?
False
Is 30383071 composite?
True
Is 151193015 a prime number?
False
Is 192373 composite?
False
Is 13708009 a prime number?
False
Is 164547211 prime?
False
Is 40792949 a composite number?
False
Is 4027879 a composite number?
False
Is 2531635 a composite number?
True
Is 160120817 a prime number?
True
Is 108570239 a prime number?
False
Is 4604783 prime?
False
Is 35728267 a composite number?
False
Is 144997147 prime?
True
Is 292527079 prime?
False
Is 126066323 a composite number?
False
Is 1405451 prime?
True
Is 4045501 composite?
False
Is 73901 a composite number?
True
Is 958289 a prime number?
True
Is 6862393 composite?
False
Is 7341313 a composite number?
True
Is 14695841 composite?
False
Is 5162959 composite?
True
Is 1316749 a composite number?
True
Is 9367949 prime?
True
Is 2085397 composite?
True
Is 100633289 composite?
False
Is 13859357 prime?
True
Is 41834215 a composite number?
True
Is 72393437 prime?
True
Is 199423769 prime?
True
Is 216434847 prime?
False
Is 7329649 a composite number?
True
Is 13692691 a composite number?
False
Is 13649953 prime?
True
Is 53473777 prime?
False
Is 1394573 a composite number?
False
Is 35290919 a composite number?
True
Is 110312219 composite?
True
Is 10188229 composite?
False
Is 1434373 a composite number?
False
Is 5741369 composite?
False
Is 100303237 a prime number?
True
Is 4859759 a composite number?
False
Is 5100499 a composite number?
True
Is 457111643 composite?
False
Is 10941089 a prime number?
True
Is 124635997 prime?
False
Is 797023 a composite number?
True
Is 15956907 a composite number?
True
Is 341261 composite?
True
Is 42293747 prime?
False
Is 5201317 a prime number?
False
Is 31051411 composite?
False
Is 14866157 composite?
False
Is 1083497 a prime number?
True
Is 11313611 composite?
False
Is 1533713 composite?
False
Is 43013755 a composite number?
True
Is 418777085 a prime number?
False
Is 330898213 a composite number?
False
Is 27247 prime?
False
Is 16083253 composite?
True
Is 196194737 a prime number?
True
Is 3232283 a prime number?
False
Is 1947782 a prime number?
False
Is 255133783 composite?
True
Is 1637759 prime?
True
Is 24641629 a prime number?
False
Is 12960889 a composite number?
False
Is 68321095 a prime number?
False
Is 391441 prime?
True
Is 50200435 a composite number?
True
Is 3902495 a prime number?
False
Is 1381901 composite?
False
Is 5726761 prime?
True
Is 5381677 a prime number?
False
Is 344503 composite?
True
Is 9382247 a prime number?
False
Is 65228401 a composite number?
True
Is 35143 prime?
False
Is 2289461 prime?
True
Is 47925461 a prime number?
True
Is 21625867 a prime number?
False
Is 787801 composite?
True
Is 59579323 a composite number?
False
Is 56857961 prime?
True
Is 60691991 composite?
False
Is 75262157 composite?
False
Is 860873231 prime?
True
Is 17734823 a prime number?
False
Is 304716617 a composite number?
False
Is 28371227 a prime number?
True
Is 109480955 a composite number?
True
Is 29302639 a prime number?
True
Is 493190717 a prime number?
False
Is 599681 a prime number?
True
Is 144743411 composite?
False
Is 12151753 prime?
False
Is 10791757 prime?
False
Is 127929115 a prime number?
False
Is 209692157 prime?
False
Is 919337 prime?
True
Is 3356147 a prime number?
True
Is 29169443 a prime number?
True
Is 32639 composite?
True
Is 153610581 a prime number?
False
Is 8928203 prime?
True
Is 172350411 prime?
False
Is 368335973 a prime number?
False
Is 896417 a composite number?
False
Is 1529042 composite?
True
Is 60935333 composite?
True
Is 4874893 a composite number?
True
Is 38686457 a prime number?
False
Is 14965966 composite?
True
Is 12119501 a composite number?
False
Is 26034473 a composite number?
True
Is 13124957 prime?
True
Is 905759 composite?
False
Is 686417827 a composite number?
False
Is 238363541 a prime number?
False
Is 9171047 composite?
True
Is 10798919 a composite number?
False
Is 74318993 a prime number?
False
Is 65404463 composite?
False
Is 63686377 prime?
True
Is 54577311 a composite number?
True
Is 72627127 a composite number?
False
Is 545527483 composite?
True
Is 22849279 composite?
False
Is 9377207 a composite number?
True
Is 32134823 prime?
False
Is 67178497 composite?
True
Is 190813801 prime?
True
Is 10991257 composite?
True
Is 90552197 prime?
False
Is 10177393 a prime number?
False
Is 5777927 a prime number?
True
Is 5827021 a composite number?
True
Is 1979457 a prime number?
False
Is 36943 prime?
True
Is 21596737 a composite number?
True
Is 815332117 a prime number?
True
Is 1870033 composite?
True
Is 2554283 a composite number?
False
Is 341380807 a composite number?
False
Is 19225411 a composite number?
False
Is 3306853 a prime number?
False
Is 19216397 prime?
True
Is 207928147 a prime number?
False
Is 10896961 a composite number?
False
Is 612713 composite?
False
Is 164793199 composite?
False
Is 7621399 composite?
False
Is 284658973 a composite number?
False
Is 33011023 prime?
True
Is 13347793 prime?
False
Is 67897 a composite number?
True
Is 20719861 composite?
True
Is 112546619 a composite number?
True
Is 362062 a composite number?
True
Is 368857 a composite number?
False
Is 133655881 a composite number?
False
Is 1541613 a prime number?
False
Is 30624911 a prime number?
True
Is 460431133 a prime number?
True
Is 628798337 composite?
False
Is 520099 composite?
True
Is 3521509 composite?
True
Is 13026569 prime?
True
Is 5299417 a composite number?
True
Is 4011197 a composite number?
False
Is 848138249 composite?
True
Is 243416299 composite?
True
Is 3972791 composite?
False
Is 1961461 a prime number?
True
Is 33702023 a composite number?
False
Is 58725991 composite?
False
Is 87008083 a prime number?
True
Is 7849957 prime?
False
Is 9783646 prime?
False
Is 1672849 a prime number?
True
Is 1301917 prime?
False
Is 6499371 a prime number?
False
Is 13959233 composite?
False
Is 112327871 composite?
False
Is 7795283 prime?
False
Is 6269147 a composite number?
False
Is 1545571 prime?
False
Is 47692393 a composite number?
True
Is 502055 prime?
False
Is 69389449 composite?
True
Is 33212231 prime?
False
Is 250878189 a prime number?
False
Is 2065306481 a prime number?
False
Is 70828217 prime?
True
Is 8070167 prime?
False
Is 5358467 a prime number?
False
Is 4404611 a composite number?
True
Is 4372699 a prime number?
True
Is 7346785 composite?
True
Is 6228203 composite?
False
Is 917370719 composite?
False
Is 1187533 a prime number?
False
Is 84365321 a composite number?
True
Is 1131481 a prime number?
False
Is 19444853 a composite number?
False
Is 3735119 prime?
True
Is 3393311 a composite number?
False
Is 1794199 composite?
True
Is 371672331 a composite number?
True
Is 170273 a prime number?
False
Is 107204813 prime?
False
Is 242004923 a prime number?
True
Is 55324177 prime?
False
Is 1320187 prime?
False
Is 11046949 composite?
True
Is 7771561 a prime number?
False
Is 9902587 composite?
False
Is 178049 a composite number?
True
Is 366279917 composite?
False
Is 6215843 a composite number?
True
Is 47113111 a prime number?
False
Is 1740971 a prime number?
True
Is 204520937 a composite number?
False
Is 1197129 prime?
False
Is 29857253 a composite number?
True
Is 18051557 composite?
True
Is 677484799 a composite number?
True
Is 500873 composite?
False
Is 121003 composite?
True
Is 85782659 prime?
True
Is 36268781 prime?
True
Is 109331359 composite?
False
Is 98855389 a prime number?
False
Is 971609 prime?
False
Is 34887962 a prime number?
False
Is 848989 a prime number?
False
Is 30911789 composite?
False
Is 211892749 composite?
False
Is 5208743 a prime number?
False
Is 183367739 a prime number?
False
Is 535531 prime?
False
Is 40282229 a prime number?
False
Is 224694853 comp